59
What are the prime factors of 454408?
2, 79, 719
What are the prime factors of 1539302?
2, 107, 7193
What are the prime factors of 18872675?
5, 754907
What are the prime factors of 8266938?
2, 3, 19, 127, 571
What are the prime factors of 617689?
617689
List the prime factors of 174845.
5, 11, 17
List the prime factors of 266714.
2, 7, 19051
What are the prime factors of 253097?
13, 19469
What are the prime factors of 6528341?
433, 15077
List the prime factors of 18839788.
2, 11, 428177
What are the prime factors of 170627?
170627
List the prime factors of 30813385.
5, 211, 29207
What are the prime factors of 2955900?
2, 3, 5, 59, 167
List the prime factors of 1610341.
29, 55529
What are the prime factors of 50974?
2, 7, 11, 331
List the prime factors of 6326589.
3, 107, 19709
What are the prime factors of 279266?
2, 13, 23, 467
List the prime factors of 2683321.
2683321
What are the prime factors of 1972363?
1129, 1747
List the prime factors of 223136.
2, 19, 367
What are the prime factors of 8534116?
2, 19, 112291
What are the prime factors of 19928899?
131, 149, 1021
List the prime factors of 771145.
5, 154229
List the prime factors of 1079491.
7, 154213
What are the prime factors of 135422?
2, 7, 17, 569
What are the prime factors of 375238?
2, 373, 503
What are the prime factors of 234305?
5, 46861
List the prime factors of 185808.
2, 3, 7, 79
List the prime factors of 9528875.
5, 76231
List the prime factors of 762819.
3, 89, 2857
List the prime factors of 357269.
11, 32479
List the prime factors of 115731.
3, 7, 11, 167
List the prime factors of 2945505.
3, 5, 17, 11551
What are the prime factors of 1219477?
7, 19, 53, 173
List the prime factors of 672478.
2, 336239
What are the prime factors of 6251696?
2, 11, 35521
What are the prime factors of 216561?
3, 37, 1951
What are the prime factors of 14337328?
2, 337, 2659
List the prime factors of 2594723.
2594723
List the prime factors of 1121918.
2, 7, 127, 631
List the prime factors of 1299113.
29, 44797
List the prime factors of 157911.
3, 13, 4049
What are the prime factors of 141475?
5, 5659
List the prime factors of 5660125.
5, 45281
What are the prime factors of 24924?
2, 3, 31, 67
What are the prime factors of 17096024?
2, 11, 131, 1483
List the prime factors of 7118007.
3, 13, 229, 797
List the prime factors of 1693869.
3, 19, 29717
What are the prime factors of 555694?
2, 277847
List the prime factors of 32726.
2, 16363
List the prime factors of 204227.
331, 617
List the prime factors of 7005050.
2, 5, 13, 829
List the prime factors of 717365.
5, 11, 13043
List the prime factors of 42127.
103, 409
List the prime factors of 92524.
2, 23131
List the prime factors of 198290.
2, 5, 79, 251
What are the prime factors of 353068?
2, 61, 1447
What are the prime factors of 7083795?
3, 5, 472253
List the prime factors of 392357.
7, 23, 2437
What are the prime factors of 4671044?
2, 7, 166823
List the prime factors of 66780.
2, 3, 5, 7, 53
What are the prime factors of 2426034?
2, 3, 13, 19, 1637
What are the prime factors of 8300738?
2, 4150369
What are the prime factors of 904767?
3, 191, 1579
What are the prime factors of 5419912?
2, 769, 881
List the prime factors of 271744.
2, 11, 193
List the prime factors of 155083.
155083
List the prime factors of 320335.
5, 64067
What are the prime factors of 1231161?
3, 410387
What are the prime factors of 469594?
2, 71, 3307
List the prime factors of 16302385.
5, 11, 37, 8011
What are the prime factors of 783197?
783197
List the prime factors of 496995.
3, 5, 17, 1949
List the prime factors of 463098.
2, 3, 79, 977
List the prime factors of 3440704.
2, 37, 1453
What are the prime factors of 1135012?
2, 37, 7669
List the prime factors of 176033.
11, 13, 1231
List the prime factors of 180115.
5, 13, 17, 163
What are the prime factors of 1053491?
1053491
What are the prime factors of 914331?
3, 11, 103, 269
List the prime factors of 20570081.
7, 31, 94793
What are the prime factors of 11390513?
113, 100801
List the prime factors of 336316.
2, 83, 1013
What are the prime factors of 211194?
2, 3, 3911
List the prime factors of 12501490.
2, 5, 1250149
List the prime factors of 113144.
2, 14143
List the prime factors of 437597.
17, 25741
List the prime factors of 2750764.
2, 687691
List the prime factors of 11852629.
2371, 4999
List the prime factors of 2342878.
2, 947, 1237
What are the prime factors of 9205106?
2, 23, 97, 2063
List the prime factors of 2132824.
2, 266603
List the prime factors of 715457.
715457
List the prime factors of 4350444.
2, 3, 7, 67, 773
What are the prime factors of 233830?
2, 5, 67, 349
What are the prime factors of 376129?
13, 28933
What are the prime factors of 735127?
47, 15641
What are the prime factors of 620729?
47, 281
List the prime factors of 378066.
2, 3, 13, 37, 131
What are the prime factors of 1187049?
3, 71, 5573
What are the prime factors of 404456?
2, 13, 3889
List the prime factors of 1410639.
3, 470213
List the prime factors of 17243108.
2, 19, 97, 2339
What are the prime factors of 667401?
3, 7, 61, 521
What are the prime factors of 343316?
2, 85829
What are the prime factors of 37203?
3, 12401
What are the prime factors of 9437779?
13, 725983
List the prime factors of 6604242.
2, 3, 79, 13933
List the prime factors of 5940.
2, 3, 5, 11
What are the prime factors of 249823?
7, 89, 401
What are the prime factors of 443739?
3, 23, 59, 109
What are the prime factors of 2235024?
2, 3, 11, 17, 83
List the prime factors of 980105.
5, 7, 41, 683
What are the prime factors of 20421?
3, 2269
What are the prime factors of 16428251?
7, 53, 44281
What are the prime factors of 12072193?
7, 17, 229, 443
List the prime factors of 607985.
5, 7, 29, 599
List the prime factors of 519675.
3, 5, 13, 41
List the prime factors of 4442501.
7, 634643
What are the prime factors of 409775?
5, 37, 443
What are the prime factors of 2828066?
2, 1097, 1289
What are the prime factors of 1021182?
2, 3, 170197
What are the prime factors of 573892?
2, 11, 13043
What are the prime factors of 3637687?
269, 13523
List the prime factors of 9228217.
9228217
What are the prime factors of 421096?
2, 13, 4049
List the prime factors of 96159.
3, 7, 19, 241
List the prime factors of 422261.
7, 179, 337
What are the prime factors of 144240?
2, 3, 5, 601
What are the prime factors of 2539482?
2, 3, 11, 109, 353
List the prime factors of 14969160.
2, 3, 5, 43, 967
List the prime factors of 34514386.
2, 17, 397, 2557
List the prime factors of 27250.
2, 5, 109
List the prime factors of 11827.
11827
What are the prime factors of 392589?
3, 181, 241
List the prime factors of 405799.
405799
List the prime factors of 4929142.
2, 2464571
What are the prime factors of 8042276?
2, 11, 182779
List the prime factors of 53007.
3, 17669
List the prime factors of 334211.
31, 10781
What are the prime factors of 278529?
3, 227, 409
List the prime factors of 981518.
2, 43, 101, 113
What are the prime factors of 260851?
19, 13729
What are the prime factors of 480422?
2, 89, 2699
What are the prime factors of 14693669?
19, 193, 4007
List the prime factors of 39768.
2, 3, 1657
What are the prime factors of 193659?
3, 64553
What are the prime factors of 1594446?
2, 3, 7, 37963
What are the prime factors of 10617447?
3, 19, 186271
List the prime factors of 16559267.
53, 397, 787
What are the prime factors of 12586975?
5, 409, 1231
List the prime factors of 437542.
2, 7, 31253
What are the prime factors of 51115?
5, 10223
What are the prime factors of 12150824?
2, 7, 139, 223
List the prime factors of 1353575.
5, 29, 1867
List the prime factors of 4503146.
2, 2251573
List the prime factors of 318804.
2, 3, 31, 857
List the prime factors of 412071.
3, 11, 12487
List the prime factors of 30493539.
3, 3388171
What are the prime factors of 234498?
2, 3, 11, 17, 19
List the prime factors of 748074.
2, 3, 124679
List the prime factors of 5290.
2, 5, 23
List the prime factors of 5191772.
2, 421, 3083
What are the prime factors of 319927?
319927
List the prime factors of 3190803.
3, 7, 11, 19, 727
What are the prime factors of 1799808?
2, 3, 43, 109
What are the prime factors of 158754?
2, 3, 26459
List the prime factors of 28462170.
2, 3, 5, 11, 86249
What are the prime fac